{"id":672,"date":"2012-12-07T23:09:25","date_gmt":"2012-12-07T21:09:25","guid":{"rendered":"http:\/\/logiciels.pierrecouprie.fr\/?page_id=672"},"modified":"2019-09-12T21:27:13","modified_gmt":"2019-09-12T19:27:13","slug":"ianalyse-studio","status":"publish","type":"page","link":"https:\/\/logiciels.pierrecouprie.fr\/?page_id=672","title":{"rendered":"iAnalyse 3 &#038; 4"},"content":{"rendered":"<p style=\"text-align: left;\">\r\n\t<div class=\"slideshow_container slideshow_container_style-light\" style=\"height: 517px; \" data-slideshow-id=\"1253\" data-style-name=\"style-light\" data-style-version=\"2.3.1\" >\r\n\r\n\t\t\t\t\t<div class=\"slideshow_loading_icon\"><\/div>\r\n\t\t\r\n\t\t<div class=\"slideshow_content\" style=\"display: none;\">\r\n\r\n\t\t\t<div class=\"slideshow_view\">\r\n\t\t\t\t<div class=\"slideshow_slide slideshow_slide_image\">\r\n\t\t\t\t\t\t\t\t\t\t\t<img src=\"https:\/\/logiciels.pierrecouprie.fr\/wp-content\/uploads\/2016\/04\/Mozart.jpg\" alt=\"Mozart\" width=\"800\" height=\"517\" \/>\r\n\t\t\t\t\t\t\t\t\t\t<div class=\"slideshow_description_box slideshow_transparent\">\r\n\t\t\t\t\t\t<div class=\"slideshow_title\">Mozart<\/div>\t\t\t\t\t\t\t\t\t\t\t<\/div>\r\n\t\t\t\t<\/div>\r\n\r\n\t\t\t\t\t\t<div style=\"clear: both;\"><\/div><\/div><div class=\"slideshow_view\">\r\n\t\t\t\t<div class=\"slideshow_slide slideshow_slide_image\">\r\n\t\t\t\t\t\t\t\t\t\t\t<img src=\"https:\/\/logiciels.pierrecouprie.fr\/wp-content\/uploads\/2016\/04\/Saariaho.jpg\" alt=\"Saariaho\" width=\"800\" height=\"517\" \/>\r\n\t\t\t\t\t\t\t\t\t\t<div class=\"slideshow_description_box slideshow_transparent\">\r\n\t\t\t\t\t\t<div class=\"slideshow_title\">Saariaho<\/div>\t\t\t\t\t\t\t\t\t\t\t<\/div>\r\n\t\t\t\t<\/div>\r\n\r\n\t\t\t\t\t\t<div style=\"clear: both;\"><\/div><\/div><div class=\"slideshow_view\">\r\n\t\t\t\t<div class=\"slideshow_slide slideshow_slide_image\">\r\n\t\t\t\t\t\t\t\t\t\t\t<img src=\"https:\/\/logiciels.pierrecouprie.fr\/wp-content\/uploads\/2016\/04\/SoWhat.jpg\" alt=\"SoWhat\" width=\"800\" height=\"517\" \/>\r\n\t\t\t\t\t\t\t\t\t\t<div class=\"slideshow_description_box slideshow_transparent\">\r\n\t\t\t\t\t\t<div class=\"slideshow_title\">SoWhat<\/div>\t\t\t\t\t\t\t\t\t\t\t<\/div>\r\n\t\t\t\t<\/div>\r\n\r\n\t\t\t\t\t\t<div style=\"clear: both;\"><\/div><\/div><div class=\"slideshow_view\">\r\n\t\t\t\t<div class=\"slideshow_slide slideshow_slide_image\">\r\n\t\t\t\t\t\t\t\t\t\t\t<img src=\"https:\/\/logiciels.pierrecouprie.fr\/wp-content\/uploads\/2016\/04\/CSI.jpg\" alt=\"CSI\" width=\"800\" height=\"517\" \/>\r\n\t\t\t\t\t\t\t\t\t\t<div class=\"slideshow_description_box slideshow_transparent\">\r\n\t\t\t\t\t\t<div class=\"slideshow_title\">CSI<\/div>\t\t\t\t\t\t\t\t\t\t\t<\/div>\r\n\t\t\t\t<\/div>\r\n\r\n\t\t\t\t\t\t<div style=\"clear: both;\"><\/div><\/div><div class=\"slideshow_view\">\r\n\t\t\t\t<div class=\"slideshow_slide slideshow_slide_image\">\r\n\t\t\t\t\t\t\t\t\t\t\t<img src=\"https:\/\/logiciels.pierrecouprie.fr\/wp-content\/uploads\/2016\/04\/Chopin.jpg\" alt=\"Chopin\" width=\"800\" height=\"517\" \/>\r\n\t\t\t\t\t\t\t\t\t\t<div class=\"slideshow_description_box slideshow_transparent\">\r\n\t\t\t\t\t\t<div class=\"slideshow_title\">Chopin<\/div>\t\t\t\t\t\t\t\t\t\t\t<\/div>\r\n\t\t\t\t<\/div>\r\n\r\n\t\t\t\t\t\t<div style=\"clear: both;\"><\/div><\/div>\r\n\t\t<\/div>\r\n\r\n\t\t<div class=\"slideshow_controlPanel slideshow_transparent\" style=\"display: none;\"><ul><li class=\"slideshow_togglePlay\" data-play-text=\"Play\" data-pause-text=\"Pause\"><\/li><\/ul><\/div>\r\n\r\n\t\t<div class=\"slideshow_button slideshow_previous slideshow_transparent\" role=\"button\" data-previous-text=\"Pr\u00e9c\u00e9dent\" style=\"display: none;\"><\/div>\r\n\t\t<div class=\"slideshow_button slideshow_next slideshow_transparent\" role=\"button\" data-next-text=\"Suivant\" style=\"display: none;\"><\/div>\r\n\r\n\t\t<div class=\"slideshow_pagination\" style=\"display: none;\" data-go-to-text=\"Go to slide\"><div class=\"slideshow_pagination_center\"><\/div><\/div>\r\n\r\n\t\t<!-- WordPress Slideshow Version 2.3.1 -->\r\n\r\n\t\t\t<\/div>\r\n\r\n<\/p>\n<p><span style=\"color: #ff0000;\"><strong>iAnalyse 3 and 4 are not compatible with macOS 10.15 Catalina. Use iAnalyse 5.<\/strong><\/span><\/p>\n<p style=\"text-align: left;\"><strong>Recherche et d\u00e9veloppement :<\/strong> Pierre Couprie<\/p>\n<p style=\"text-align: left;\"><strong>Version :<\/strong> 3.x ou 4.x<br \/>\n<strong>Langages :<\/strong> fran\u00e7ais, anglais<br \/>\n<strong>Syst\u00e8me minimum :<\/strong><\/p>\n<ul>\n<li style=\"text-align: left;\">version 3 :\u00a0Macintosh PowerPC G5 ou Intel Core (2) Duo, 1.5 Ghz, syst\u00e8me OS 10.5, 10.6 ou 10.7, 1Go de RAM, \u00e9cran 1024&#215;768 pixels ou plus.<br \/>\nLa fonction sonagramme n\u00e9cessite un processeur Intel.<\/li>\n<li style=\"text-align: left;\">version 4 : Macintosh Multicore Intel Processor, OS10.7 or later (including OS10.10 Yosemite), 4GB RAM.<\/li>\n<li>iAnalyse 3 &amp; 4 ne sont pas compatibles avec MacOS 10.15 Catalina<\/li>\n<\/ul>\n<p>(Aucune version Windows n&rsquo;est et ne sera d\u00e9velopp\u00e9e)<\/p>\n<p><!-- Facebook Badge START --><a style=\"font-family: 'lucida grande',tahoma,verdana,arial,sans-serif; font-size: 11px; font-variant: normal; font-style: normal; font-weight: normal; color: #3b5998; text-decoration: none;\" title=\"Pierre Couprie Software\" href=\"https:\/\/www.facebook.com\/pages\/Pierre-Couprie-Software\/163533067314443\" target=\"_TOP\" rel=\"noopener noreferrer\">Pierre Couprie Software<\/a><br \/>\n<a title=\"Pierre Couprie Software\" href=\"https:\/\/www.facebook.com\/pages\/Pierre-Couprie-Software\/163533067314443\" target=\"_TOP\" rel=\"noopener noreferrer\"><img decoding=\"async\" class=\"img\" style=\"border: 0px;\" src=\"https:\/\/badge.facebook.com\/badge\/163533067314443.11042.1935396328.png\" alt=\"\" \/><\/a><br \/>\n<a style=\"font-family: 'lucida grande',tahoma,verdana,arial,sans-serif; font-size: 11px; font-variant: normal; font-style: normal; font-weight: normal; color: #3b5998; text-decoration: none;\" title=\"Cr\u00e9ez votre propre badge\u00a0!\" href=\"https:\/\/fr-fr.facebook.com\/advertising\" target=\"_TOP\" rel=\"noopener noreferrer\">Faites \u00e9galement la promotion de votre Page<\/a><!-- Facebook Badge END --><\/p>\n<h2>Presentation<\/h2>\n<p>iAnalyse permet de synchroniser les pages d\u2019une partition (images ou PDF) sur un fichier audio ou vid\u00e9o. Vous pouvez dessiner des annotations (graphismes, textes ou images) sur les partitions, l\u2019apparition et la disparition de ces annotations \u00e9tant aussi synchronis\u00e9es avec le fichier audio. Un curseur se d\u00e9pla\u00e7ant sur la partition au rythme de la musique peut \u00eatre dessin\u00e9 tr\u00e8s rapidement. Les fonctions d\u2019affichage en plein \u00e9cran et d\u2019exportation (images ou film) vous permettent de montrer ou distribuer votre travail.<\/p>\n<h2>Fonctionnalit\u00e9s de la version 4<\/h2>\n<p>iAnalyse 4 apporte de nombreuses nouveaut\u00e9s et l&rsquo;interface a \u00e9t\u00e9 repens\u00e9e afin d&rsquo;\u00eatre plus simple et laisser un maximum de place \u00e0 vos objets d&rsquo;analyse.<\/p>\n<div>\n<ul>\n<li>cr\u00e9ation de projets dans diff\u00e9rentes tailles :\u00a04:3, 3:4, 6:4 (NTSC) , 16:9 (HD)<\/li>\n<li>interface en une seule fen\u00eatre<\/li>\n<li>affichage du sonagramme en arri\u00e8re-plan de la ligne temporelle<\/li>\n<li>aide \u00e0 la synchronisation des partitions<\/li>\n<li>modification de la mise en page de la partition<\/li>\n<li>zoom d&rsquo;\u00e9dition<\/li>\n<li>affichage de toutes des annotations de la diapositive<\/li>\n<li>navigateur de diapositive<\/li>\n<li>trois modes d&rsquo;\u00e9dition : normal, texte et dessin<\/li>\n<li>styles de couleurs permettant d&rsquo;accorder les couleurs des annotations<\/li>\n<li>styles de texte<\/li>\n<li>syst\u00e8me permettant de modifier l&rsquo;ensemble des couleurs pour les adapter \u00e0 un vid\u00e9oprojecteur<\/li>\n<li>affichage de tous les graphiques en niveaux de gris<\/li>\n<li>nouvelle interface d&rsquo;ajout des annotations associ\u00e9e \u00e0 la biblioth\u00e8que<\/li>\n<li>annotation cycle permettant de cr\u00e9er n&rsquo;importe quel type de cycle (quintes, set-theory, etc.)<\/li>\n<li>annotation hexagonale totalement param\u00e9trable<\/li>\n<li>textures de remplissage des annotations<\/li>\n<li>modification de la luminosit\u00e9, du contraste et de la saturation des annotations de type image<\/li>\n<li>recadrage des annotations de type image<\/li>\n<li>nouveaux effets d&rsquo;animations en ouverture et en fermeture des annotations<\/li>\n<li>animation puls\u00e9e sur la dur\u00e9e de l&rsquo;annotation<\/li>\n<li>animation complexe des param\u00e8tres graphiques des annotations<\/li>\n<li>modification globale de l&#8217;empan des annotations<\/li>\n<li>copier-coller le style des annotations<\/li>\n<li>groupe de calques<\/li>\n<li>nouveau syst\u00e8me de repr\u00e9sentation des structures<\/li>\n<li>cr\u00e9ation de graphiques dans la ligne temporelle<\/li>\n<li>affichage de rapports temporels dans la ligne temporelle<\/li>\n<li>possibilit\u00e9 de cr\u00e9er plusieurs curseurs<\/li>\n<li>signets li\u00e9s aux touches du clavier<\/li>\n<li>texte temporel permettant de cr\u00e9er des sous-titres<\/li>\n<li>syst\u00e8me d&rsquo;extensions permettant d&rsquo;augmenter les fonctions du logiciel<\/li>\n<li>importation des donn\u00e9es provenant d&rsquo;autres logiciels<\/li>\n<li>prise en charge du plein \u00e9cran et de \u00a0l&rsquo;enregistrement automatique\u00a0natifs \u00e0 Mac OS10.7<\/li>\n<li>prise en charge du\u00a0<em>versionning<\/em>\u00a0et du partage (Facebook, Twitter, etc.) natif \u00e0 Mac OS 10.8<\/li>\n<li>site d&rsquo;accompagnement sous Delicious pr\u00e9sentant des ressources pour l&rsquo;analyse musicale<\/li>\n<\/ul>\n<\/div>\n<h2>T\u00e9l\u00e9chargements<\/h2>\n<p><img loading=\"lazy\" decoding=\"async\" width=\"10\" height=\"10\" class=\"alignnone size-full wp-image-1094\" src=\"http:\/\/logiciels.pierrecouprie.fr\/wp-content\/uploads\/2012\/03\/download.png\" alt=\"download\" \/>\u00a0<a href=\"http:\/\/logiciels.pierrecouprie.fr\/telechargement\/IANALYSE4\/iAnalyse4.dmg\" target=\"_blank\" rel=\"noopener noreferrer\">T\u00e9l\u00e9charger iAnalyse 4 pour Mac OS 10.7 ou sup\u00e9rieur<\/a><\/p>\n<p><img loading=\"lazy\" decoding=\"async\" width=\"10\" height=\"10\" class=\"alignnone size-full wp-image-1094\" src=\"http:\/\/logiciels.pierrecouprie.fr\/wp-content\/uploads\/2012\/03\/download.png\" alt=\"download\" \/>\u00a0<a href=\"http:\/\/logiciels.pierrecouprie.fr\/telechargement\/IANALYSE3\/iAnalyse.dmg\">T\u00e9l\u00e9charger iAnalyse 3 pour Mac OS 10.5 ou 10.6<\/a><\/p>\n<p><img loading=\"lazy\" decoding=\"async\" width=\"10\" height=\"10\" class=\"alignnone size-full wp-image-1094\" src=\"http:\/\/logiciels.pierrecouprie.fr\/wp-content\/uploads\/2012\/03\/download.png\" alt=\"download\" \/> <a href=\"http:\/\/logiciels.pierrecouprie.fr\/telechargement\/IANALYSE3\/allusers.ianalyseLicence.zip\">T\u00e9l\u00e9charger la licence pour activer la version 3 Pro<\/a><\/p>\n<p>En cas de probl\u00e8mes avec l&rsquo;installer l&rsquo;image de disque, voici une version en format zip. Pour l&rsquo;installer, d\u00e9compressez le fichier et d\u00e9posez l&rsquo;application dans le dossier Applications.<\/p>\n<p><strong><a href=\"http:\/\/logiciels.pierrecouprie.fr\/telechargement\/IANALYSE3\/iAnalyse.zip\"><img loading=\"lazy\" decoding=\"async\" width=\"10\" height=\"10\" class=\"alignnone size-full wp-image-1094\" src=\"http:\/\/logiciels.pierrecouprie.fr\/wp-content\/uploads\/2012\/03\/download.png\" alt=\"download\" \/><\/a>\u00a0<\/strong><a href=\"http:\/\/logiciels.pierrecouprie.fr\/telechargement\/IANALYSE3\/iAnalyse.zip\">T\u00e9l\u00e9charger iAnalyse 3 pour Mac OS 10.5 ou sup\u00e9rieur en format zip<\/a><\/p>\n","protected":false},"excerpt":{"rendered":"<p>iAnalyse 3 and 4 are not compatible with macOS 10.15 Catalina. Use iAnalyse 5. Recherche et d\u00e9veloppement : Pierre Couprie Version : 3.x ou 4.x Langages : fran\u00e7ais, anglais Syst\u00e8me minimum : version 3 :\u00a0Macintosh PowerPC G5 ou Intel Core (2) Duo, 1.5 Ghz, syst\u00e8me OS 10.5, 10.6 ou 10.7, 1Go de RAM, \u00e9cran 1024&#215;768 [&hellip;]<\/p>\n","protected":false},"author":1,"featured_media":0,"parent":0,"menu_order":0,"comment_status":"closed","ping_status":"closed","template":"","meta":{"footnotes":""},"class_list":["post-672","page","type-page","status-publish","hentry"],"_links":{"self":[{"href":"https:\/\/logiciels.pierrecouprie.fr\/index.php?rest_route=\/wp\/v2\/pages\/672","targetHints":{"allow":["GET"]}}],"collection":[{"href":"https:\/\/logiciels.pierrecouprie.fr\/index.php?rest_route=\/wp\/v2\/pages"}],"about":[{"href":"https:\/\/logiciels.pierrecouprie.fr\/index.php?rest_route=\/wp\/v2\/types\/page"}],"author":[{"embeddable":true,"href":"https:\/\/logiciels.pierrecouprie.fr\/index.php?rest_route=\/wp\/v2\/users\/1"}],"replies":[{"embeddable":true,"href":"https:\/\/logiciels.pierrecouprie.fr\/index.php?rest_route=%2Fwp%2Fv2%2Fcomments&post=672"}],"version-history":[{"count":138,"href":"https:\/\/logiciels.pierrecouprie.fr\/index.php?rest_route=\/wp\/v2\/pages\/672\/revisions"}],"predecessor-version":[{"id":1686,"href":"https:\/\/logiciels.pierrecouprie.fr\/index.php?rest_route=\/wp\/v2\/pages\/672\/revisions\/1686"}],"wp:attachment":[{"href":"https:\/\/logiciels.pierrecouprie.fr\/index.php?rest_route=%2Fwp%2Fv2%2Fmedia&parent=672"}],"curies":[{"name":"wp","href":"https:\/\/api.w.org\/{rel}","templated":true}]}}